 1?
1
Let r = -4 - -6. Let u be (r/(-4))/((-3)/162). Let g be (1 + 79/2)/(1254/836). What is the highest common factor of u and g?
27
Let r be -1*(-2 + 10*6/(-4)). Let x = 7 + r. Calculate the highest common factor of x and 12.
12
Let z be -5 - -3 - 2616/(-8). Suppose 18 = 3*s - 57. What is the greatest common divisor of z and s?
25
Suppose w + 16 = -v + 9, 0 = -3*v + 4*w. Let b be (-2066)/(-10) + 5*v/(-50). What is the greatest common divisor of b and 23?
23
Let h = 3288 - 3123. Let t be ((-42)/70)/(2/(-100)*2). What is the highest common divisor of t and h?
15
Let n(d) = 17*d - 22. Suppose 0 = v + v - 28. Let f be n(v). What is the highest common factor of f and 27?
27
Let j(g) = 57*g**3 - g**2 + 3*g - 2. Let h be j(1). Suppose -3*i = -h + 27. What is the highest common divisor of 15 and i?
5
Let o = 5924 - 5791. What is the greatest common factor of 49 and o?
7
Let j(w) = -3*w**3 + 11*w**2 - 15*w - 12. Let b be j(-6). Suppose 247*g - 253*g = -b. Calculate the highest common factor of g and 17.
17
Suppose 37165 = 58*r - 5755. Calculate the greatest common factor of 5624 and r.
148
Let p = -169 + 312. Suppose 198 = -6*a + 15*a. What is the greatest common factor of p and a?
11
Let l = -541 + 560. Let y = -22 - -174. What is the greatest common divisor of l and y?
19
Let b be 1938 + (-5 - (2 - -11)). Calculate the greatest common divisor of b and 1080.
120
Let k(t) = -3*t - 9. Let b be k(-6). Let y(f) = 2*f**2 + 31*f - 34. Let o be y(-19). Calculate the greatest common factor of b and o.
9
Let b be 2/7*(-11970)/(-180). Suppose 7 = b*x - 164. What is the highest common factor of 171 and x?
9
Let d be ((-47)/(-7) + -6)/((-1)/(-7)). Suppose d*h - 19 = 881. Calculate the highest common divisor of h and 40.
20
Suppose -2544*l + 2534*l + 1980 = 0. Calculate the greatest common divisor of l and 110.
22
Let r = -366 - -376. Suppose -r*h = 5*n - 5*h, -3*n = -2*h - 20. What is the highest common factor of n and 22?
2
Suppose -v + 21 + 2 = 0. Let r be v*(35/5 - 0). What is the greatest common factor of r and 21?
7
Let o be ((-18)/(-22)*11)/((-12)/(-220)). Let f = -6 - -36. Calculate the highest common divisor of o and f.
15
Let s = -78 - -96. Suppose 2*l - 15*k - 70 = -s*k, -2*l - 5*k = -70. What is the highest common factor of l and 21?
7
Let u be -14 - -4 - (-8 + 5) - -122. Calculate the highest common divisor of 4945 and u.
115
Let c = -188896 + 188936. Let v = -34 + 49. Let s = 31 - v. What is the highest common divisor of s and c?
8
Let m(f) = 167*f**2 + f + 2. Let x be m(-1). Let u be 36/8*x/9. Calculate the greatest common divisor of u and 126.
42
Let b(d) = 4 - 24*d + 8*d + 3*d + 0. Let c be b(-7). Let m = c + -80. What is the highest common divisor of 195 and m?
15
Let l(c) = 2264*c - 1892. Let f be l(1). Calculate the greatest common divisor of 19902 and f.
186
Suppose 2*w - 16*w + 690 = 9*w. Calculate the highest common divisor of 7 and w.
1
Let u(i) = -79*i - 15. Let w be u(-3). Let r = w - 101. Let x = -15 - -26. Calculate the highest common divisor of x and r.
11
Suppose -d - 21 = -g, -4*g + 5*d = 2*d - 85. Let l = -359 + 227. Let p = l - -134. Calculate the highest common factor of p and g.
2
Let p(k) = 2*k**3 + 37*k**2 - 20*k - 12. Suppose -4*z = -h - 19, 4*z - 76 = 4*h + 7*z. Let f be p(h). What is the highest common factor of 5 and f?
1
Suppose -l - a + 851 = -220, -a = 4*l - 4281. What is the highest common factor of 1177 and l?
107
Suppose -4*w + 400 = -c + 2*c, 3*w + 4*c - 300 = 0. Suppose w*x - 30 = 98*x. Let q = 382 - 262. What is the highest common divisor of x and q?
15
Suppose -4*t = -3*t - n + 1, -4*t = 5*n + 13. Let o be (t/(-4))/((21/834)/7). Let z = -133 + o. What is the greatest common divisor of z and 48?
6
Let b(h) = h**2 - 1. Let x(g) = 2*g**2 - 24*g + 51. Let m(u) = b(u) - x(u). Let d be m(20). Calculate the greatest common factor of 14 and d.
14
Let p be (-1 - -5) + 0 - 2. Suppose -280 = -z - 5*i, 0*z - p*i + 286 = z. Calculate the greatest common factor of 58 and z.
58
Let o be ((-86)/(-10) - 7)/((-6)/(-75)). Suppose 38*y - 7650 = o*y. Calculate the greatest common divisor of y and 17.
17
Suppose -4*j = -5*y + 263, -157*y + 152*y - 5*j + 335 = 0. Suppose -1162 - 726 = -4*r. Calculate the highest common factor of r and y.
59
Let w be (27/12)/(6/80). Let f = -2765 + 2810. Calculate the highest common divisor of w and f.
15
Let h = 12 + -6. Suppose y = 3*u - 12, 0*u - h = 4*y + 2*u. Let r(x) = -x**3 - 3*x**2 - 2*x + 7. Let p be r(y). Calculate the highest common factor of p and 13.
13
Suppose 115*q - 111*q = w - 4008, 4*w - 15972 = 4*q. What is the greatest common factor of w and 24?
4
Let p(x) = 363*x**2 + 782*x + 3134. Let s be p(-4). Calculate the highest common factor of s and 798.
114
Let g = 220717 - 220223. Suppose 4*m + 0*m - 152 = 0. Calculate the greatest common factor of m and g.
38
Suppose 0 = -2*b + 310 - 86. Let s = -18 + 32. Calculate the highest common divisor of s and b.
14
Let j be (572/(-78))/(2/(-6)). Calculate the highest common divisor of 17072 and j.
22
Let j(h) = -h - 8. Let d be j(-13). Suppose 0 = -4*r - d*z - 10, -3*r + 3*z = -r - 6. Suppose 4*p + 3 - 99 = r. What is the highest common divisor of 6 and p?
6
Let n be (-114*(-5)/(6 - -19))/(1/5). Calculate the greatest common factor of 3078 and n.
114
Let t = 438 - 64. Let i = 28697 + -28663. Calculate the greatest common divisor of t and i.
34
Let m = -25 + 55. Suppose 2*d + 3*s - 57 = 4*s, -s = d - m. Suppose -d*v + 160 = -28*v. What is the greatest common divisor of v and 32?
32
Suppose 0 = -5*k - 25, 6*t + 5*k = t - 5. Let q(s) = 2*s**2 - 8*s - 4. Let n be q(7). What is the greatest common divisor of n and t?
2
Let d be (-2)/1*(-18)/(-36). Let s be (d + 0)/((-68)/10472). What is the greatest common divisor of s and 14?
14
Let v(q) = -1254*q**3 + 14*q + 14. Let p be v(-1). Let b(d) = -5*d + 79. Let h be b(-7). What is the highest common divisor of p and h?
114
Suppose -4*d - 9 = -5*b, b = 2*d - 4 + 1. Suppose -b*u + 5 = -15. Suppose -2*h = -u*h + 76. Calculate the highest common divisor of 2 and h.
2
Let u(j) = -2*j**3 + 4 + 487*j - 485*j - 3. Let f be u(-3). Calculate the greatest common divisor of f and 343.
49
Let n = 45 + -46. Let m be 16/2 - (n - -4). Suppose 2*l = m*t - l - 92, -72 = -4*t + 2*l. What is the highest common divisor of t and 112?
16
Suppose 0 = 20*f - 7452 + 2579 - 5747. What is the greatest common divisor of f and 18?
9
Let g be (45/(-9) - (-3183)/(-12))*-12. Calculate the greatest common divisor of 69 and g.
69
Let u be ((2 - -1) + 144)*(-278)/(-417). What is the greatest common factor of 4032 and u?
14
Let i(f) = 15 + 8*f**2 - 22*f**2 + f**3 + 5 - 15*f. Let q be i(15). Let g be (20/15 + -2)*-12. What is the highest common factor of g and q?
4
Let q be ((10 - 8) + -2)*3/6. Suppose q = 8*p - 72 - 312. Calculate the greatest common factor of p and 32.
16
Let f(r) = -26*r**2 + 185. Let u(z) = -5*z**2 + 37. Let y(s) = 2*f(s) - 11*u(s). Let h be y(-5). What is the highest common factor of 494 and h?
38
Let w(y) = 2 - 9*y**2 + 0*y**3 + y**3 + 9 + y. Let g be w(9). Let n be (-16)/(-1008)*1267 - 2/18. What is the greatest common factor of n and g?
20
Let o(j) be the third derivative of j**6/120 - 3*j**5/20 + 3*j**4/8 - 23*j**3/6 + 9*j**2 + j. Let p be o(9). Calculate the greatest common factor of 406 and p.
58
Let b = 2307 - 1604. What is the highest common divisor of 296 and b?
37
Suppose -174 = -4*f + c + c, 5*f - 219 = c. Let y = f + -38. Suppose 6 - 36 = -2*a. Calculate the greatest common divisor of a and y.
3
Let n be 5/(-10) + (-52)/(-8). Calculate the greatest common factor of 363 and n.
3
Let v = 41166 + -40486. Calculate the highest common factor of 3944 and v.
136
Suppose -32 = -4*q + 28. Suppose 5*l + 40 = -s - 0*s, l - 226 = 5*s. Let a be 3*s/((-3)/(6 + -3)). Calculate the highest common divisor of a and q.
15
Let i = -5 - -12. Let f = -5308 - -5343. What is the highest common divisor of f and i?
7
Suppose -46*q + 54*q = -4*n + 244, -184 = -3*n - 5*q. Calculate the highest common divisor of 448 and n.
7
Let z(f) = f**2 + 23*f - 70. Let m be z(-26). Let n be m/20 - ((-143)/5 + 3). Let k = -169 - -260. Calculate the greatest common divisor of n and k.
13
Let z = 91 - 55. Let k(u) = -u**2 - 4*u - 1. Let r be k(-3).